Let z be m(-19). What is the highest common divisor of z and 31?
31
Let l be (-1)/(-4 - (-396)/100). Let d = -20 + l. Calculate the highest common factor of d and 15.
5
Let l(h) = h**3 - 2*h**2 + 4. Let c be l(3). Let p = c - 13. Suppose 2*f - 21 - 47 = p. What is the highest common factor of f and 85?
17
Suppose -5*x + 3*f - 219 - 38 = 0, 5*f = 2*x + 118. Let d(a) = -a**2 + a - 69. Let t be d(0). Let w = x - t. What is the greatest common factor of w and 50?
10
Suppose -s - 5*w + 14 = 0, -4*s + 0*w = -3*w - 10. Let m(k) = -k + 8. Let r be m(4). Suppose f - 32 = r. What is the greatest common divisor of s and f?
4
Let m = -12 + 14. Suppose 4*t = m + 6. Suppose -4*p + 69 = 5*j, t*p - 21 = p - 2*j. What is the highest common factor of p and 11?
11
Let n be (-6)/(-4) - 1/(-2). Let m = 327 - 109. Let a be (-1)/(-5) - m/(-10). What is the highest common divisor of a and n?
2
Suppose 0 = -4*d + 9 - 1. Suppose -d*m + 5*m = -18. Let u be (4 - m)*22/5. What is the greatest common divisor of u and 11?
11
Let v(g) = 10*g**2 + 13*g - 21. Let d be v(2). Let f = 23 - 14. What is the highest common factor of d and f?
9
Let a(x) = -4*x**3 - 5*x**2 - 6*x - 2. Let g be a(-4). Let n be (-5 - -10) + -7 - -20. Calculate the greatest common factor of g and n.
18
Let j = 1 - 2. Let t be ((-1 + -16)/1)/j. Calculate the greatest common divisor of t and 153.
17
Let n = 14 - 17. Let t(f) = -8*f - 15. Let g be t(n). What is the highest common divisor of 3 and g?
3
Let i be (108/4)/(9/12). Let n(o) = 9*o + 0*o**2 - 10 - o**2 + 1 + 0*o**2. Let v be n(6). Calculate the greatest common factor of i and v.
9
Suppose -4*z - 116 = -356. Suppose -z = -o + 165. Calculate the highest common divisor of 25 and o.
25
Suppose 0 = -5*s - 90 + 330. Let g(d) = d**3 + 6*d**2 - 10*d - 9. Let w be 130/(-18) + 12/54. Let y be g(w). Calculate the highest common divisor of y and s.
12
Suppose -4*y + 0*y - r + 254 = 0, 5*y - 319 = -2*r. What is the greatest common divisor of y and 9?
9
Let c be ((-3)/(-9))/(8/(-24)). Let x be (-5 - c) + (-13 - -23). Calculate the greatest common divisor of x and 48.
6
Suppose 3*o + 2*o + 10 = 0, 2*o = q + 9. Let r = q + 30. Let z be 17/r*9*3. Calculate the greatest common factor of z and 18.
9
Let n(s) = -s**3 + 14*s**2 - 31*s + 2. Let v be n(11). Calculate the greatest common factor of v and 708.
12
Suppose -o + i + 15896 = 4*o, -3*o + 9539 = -2*i. Suppose r - o = -16*r. Calculate the highest common factor of 17 and r.
17
Let l(r) = r**2 + 13*r + 20. Let a be l(12). Suppose -a = -3*o - 5*o. What is the highest common factor of 20 and o?
20
Suppose w = 5*w. Suppose 4*i = -g + 3*i + 147, -2*g + 5*i + 266 = w. Calculate the highest common factor of g and 13.
13
Let d be 1 + (-5 - -5) + -1. Suppose d = -3*n + 13*n - 180. What is the highest common factor of 126 and n?
18
Suppose -i + 270 = -164. Calculate the greatest common factor of i and 14.
14
Let s be (256/(-40))/((-2)/5). Let m be (1 - s)/((-57)/38). What is the highest common factor of 25 and m?
5
Suppose 14*p - 10*p - 1024 = 0. Suppose -p = -y - 7*y. Calculate the highest common divisor of 224 and y.
32
Let c(d) = -d**2 + 24*d - 31. Let a be (-12)/(-20) - -3*34/5. Let f be c(a). What is the highest common factor of f and 24?
8
Let b(s) be the third derivative of s**5/20 + 4*s**3/3 - 14*s**2. Let n be b(3). What is the greatest common factor of n and 14?
7
Suppose 3*c - 6 = -3. Let s be c*(0 + 1 - -4). Suppose -3*m + 30 = -2*r - 2*r, -4*m - 4*r + 40 = 0. What is the greatest common factor of m and s?
5
Suppose 4*f = 8*f - 16. Suppose -o + f*o - 84 = 0. Calculate the highest common divisor of 4 and o.
4
Let o = -71 + 67. Let t be (-14)/(-28) - 70/o. Calculate the highest common factor of 63 and t.
9
Suppose -4*n + 12 = -16. Suppose -n - 8 = -5*t, -2*g - 3*t = -25. Calculate the highest common factor of g and 2.
2
Suppose -2*o + 9 - 1 = 0. Suppose 0 = o*j + 5*v - 6*v - 111, -j + v + 27 = 0. Let w = -173 - -425. What is the highest common divisor of j and w?
28
Let j = 149 - 111. What is the greatest common divisor of 76 and j?
38
Let d be (-14 + 4)/((-2)/124). What is the highest common factor of 93 and d?
31
Suppose 5*j = 4*x + 186, -2*j - 4*x + 156 = 2*j. Suppose 49*o - 5643 = -25*o - 25*o. What is the highest common divisor of o and j?
19
Let b = 11 - 5. Let c(t) = 14*t - 12. Let j be c(1). Let q = b - j. Calculate the highest common factor of q and 1.
1
Suppose -5*v - g + 14 = 0, -3*v = -g + 5 - 15. Let w be -3*1*(1 + -2). Suppose w*b - v - 45 = 0. Calculate the greatest common factor of b and 144.
16
Let g(k) = 6*k**2 + 3*k + 3. Let j(c) = 11*c**2 + 7*c + 7. Let o(w) = -7*g(w) + 4*j(w). Let q be o(-5). Calculate the highest common divisor of 110 and q.
22
Let s(o) = 10*o**3 - o + 3. Let z be s(1). What is the greatest common factor of z and 20?
4
Let s be ((-343)/294 + (-2)/(-3))*-42. Calculate the greatest common divisor of s and 24.
3
Suppose 4*n + 3*a = 65, -5*a - 102 = -4*n + 3. What is the greatest common factor of 40 and n?
20
Let w(p) = p + 8. Let n be w(-5). Suppose 0 = -n*a + 131 + 4. Calculate the greatest common factor of a and 18.
9
Suppose 0 = -3*j - 5*b + 575, 8*j - 3*j = 4*b + 946. Suppose -4*l = l + 135. Let h = 46 + l. Calculate the highest common divisor of j and h.
19
Suppose -84 = -4*c - 5*l, c - 5*l + 2*l = 38. Calculate the greatest common factor of 130 and c.
26
Suppose 0 = 59*f + 10*f - 1863. Calculate the highest common divisor of 675 and f.
27
Suppose 3*l = -6*t + t + 432, 5*t - 3*l - 438 = 0. Let q be (-1)/(-3) - 172/(-6). Calculate the highest common factor of t and q.
29
Suppose -9*q - 63 = -171. Let p = q + -11. Calculate the greatest common divisor of p and 1.
1
Let n(a) = -a**3 + 4*a**2 - 5. Let l be n(4). Let j(m) = -2*m - 8. Let d be j(l). Let h be 2 + 72/(6 - d). Calculate the greatest common divisor of h and 10.
10
Let b(i) be the first derivative of i**4/4 + 5*i**3/3 + 3*i**2/2 - 4*i - 2. Let d = -176 - -173. Let m be b(d). What is the greatest common factor of m and 40?
5
Let v(t) = -11*t - 63. Let a be v(-9). Calculate the greatest common divisor of a and 9.
9
Let t be 5/(30/4)*(-246)/(-2). Suppose 2*y = 5*c + 85, 5*c = 5*y - 138 - t. What is the greatest common divisor of 360 and y?
45
Suppose 20 = z - 1. Calculate the highest common divisor of z and 3.
3
Let k be 3*2/6*30. Let s(d) = -3*d**3 + 10*d**2 + 5*d - 18. Let g be s(9). Let r be g/(-18) - (0 - 0)/(-1). What is the highest common factor of r and k?
15
Suppose 2*y + 5*i - 12 = 0, 4*y = -2*i + 4 + 20. Let f be y/14 - 33/(-21). What is the greatest common divisor of f and 3?
1
Let z(g) = -76*g**3 + 2*g + 1. Suppose 5*q = 4*q - 1. Let i be z(q). What is the greatest common divisor of 25 and i?
25
Let q(g) = g**2 + g + 1. Let i(x) = -5*x**2 + x - 9. Let h(t) = i(t) + 4*q(t). Let w be h(6). Let r = w + 23. Calculate the highest common divisor of r and 12.
12
Suppose 0 = -4*z - a + 49, -5*a = -2*z - a + 2. Let l = 35 - -64. What is the highest common factor of l and z?
11
Suppose -3*l + 82 = -5*r - 135, 282 = 4*l - 3*r. Calculate the greatest common factor of l and 253.
23
Suppose 3*s + 9 = 5*n - 3, -s + 4 = n. Suppose 75 = 5*x - 5*y, 4*x - n*y - 52 = -y. What is the greatest common factor of 11 and x?
11
Suppose 0 = 7*x - 43 - 62. Let w(t) = 5*t + 5. Let v be w(6). What is the highest common divisor of x and v?
5
Suppose -10 = -2*h + 4*x, 0*x - 4 = 4*x. Suppose 165 = 5*w + 105. What is the highest common divisor of w and h?
3
Let p = -13 - -19. Suppose -3*l + 5*b + p = 0, -4*b + 0*b = 4*l + 24. Let d = l - -12. Calculate the highest common factor of 9 and d.
9
Suppose -3*c - 39*c = -3570. Calculate the highest common factor of c and 119.
17
Suppose 0 = -3*x - 62 + 191. Suppose c = -2*j + 67, -3*j = -5*c - 176 + x. What is the highest common factor of 9 and j?
9
Suppose 0 = -39*f - 9*f + 1584. What is the greatest common divisor of 55 and f?
11
Let t be 44*(-3)/(-6) + 3 + -3. Let y(k) = 63*k**3 + 2*k**2 - 1. Let v be y(1). Let n be v + (2 + -4 - -4). What is the greatest common divisor of t and n?
22
Let i(o) = -o - 24. Let h(p) = -1. Let x(z) = h(z) - i(z). Let y be x(3). Calculate the greatest common divisor of 104 and y.
26
Let j = 1697 - 1208. Calculate the greatest common factor of 326 and j.
163
Let r be